iple of 433?
True
Is 288 a factor of 85248?
True
Does 142 divide 84916?
True
Does 209 divide 2766324?
True
Does 164 divide 219984?
False
Is 20 a factor of 282620?
True
Does 41 divide 719903?
False
Does 54 divide 498690?
True
Is 440877 a multiple of 225?
False
Is 775818 a multiple of 107?
False
Is 25 a factor of 517844?
False
Is 11606406 a multiple of 14?
True
Does 29 divide 4920584?
False
Does 4 divide 67534?
False
Is 343 a factor of 1959422?
False
Does 43 divide 2320495?
True
Is 10876721 a multiple of 878?
False
Is 628614 a multiple of 189?
True
Is 1852990 a multiple of 204?
False
Does 52 divide 2194036?
True
Is 7637540 a multiple of 11?
False
Is 48 a factor of 21848267?
False
Is 15995879 a multiple of 229?
True
Is 18700 a multiple of 187?
True
Is 56 a factor of 14868504?
True
Is 8 a factor of 317872?
True
Is 10867199 a multiple of 493?
True
Does 22 divide 926980?
False
Is 318052 a multiple of 38?
False
Is 395063 a multiple of 18?
False
Is 177363 a multiple of 27?
True
Does 16 divide 663846?
False
Is 55237 a multiple of 13?
True
Is 16 a factor of 51866?
False
Is 342317 a multiple of 79?
False
Does 190 divide 7292770?
True
Does 11 divide 30481?
True
Is 257124 a multiple of 6?
True
Is 382433 a multiple of 14?
False
Is 5 a factor of 188262?
False
Is 449080 a multiple of 412?
True
Does 229 divide 92516?
True
Is 81 a factor of 152395?
False
Does 197 divide 28158?
False
Does 30 divide 1016351?
False
Is 566011 a multiple of 14?
False
Is 280 a factor of 534240?
True
Is 2154273 a multiple of 28?
False
Does 20 divide 844725?
False
Is 15529803 a multiple of 15?
False
Is 46493 a multiple of 180?
False
Does 10 divide 5245140?
True
Is 13 a factor of 39653?
False
Is 412300 a multiple of 27?
False
Is 15 a factor of 14025?
True
Is 15 a factor of 46811?
False
Is 974855 a multiple of 35?
True
Is 2044521 a multiple of 107?
False
Is 94059 a multiple of 24?
False
Is 17 a factor of 4298008?
True
Is 6 a factor of 690648?
True
Does 502 divide 21206724?
False
Is 3690 a multiple of 615?
True
Is 37 a factor of 557997?
True
Does 18 divide 1281246?
False
Is 25 a factor of 11561204?
False
Is 921500 a multiple of 97?
True
Is 1003315 a multiple of 5?
True
Is 2735813 a multiple of 2?
False
Is 39 a factor of 1921670?
False
Is 11288 a multiple of 8?
True
Is 23242 even?
True
Is 50 a factor of 1198493?
False
Does 88 divide 5747544?
True
Is 247932 a multiple of 21?
False
Does 40 divide 3763600?
True
Is 2244 a multiple of 84?
False
Is 24 a factor of 1969008?
True
Is 845061 a multiple of 10?
False
Is 10134600 a multiple of 50?
True
Is 8218480 a multiple of 210?
False
Is 655115 a multiple of 5?
True
Is 7285619 a multiple of 211?
True
Does 591 divide 2507613?
True
Is 1501302 a multiple of 233?
False
Is 253407 a multiple of 21?
True
Does 488 divide 582672?
True
Does 8 divide 68152?
True
Does 39 divide 2695474?
False
Does 429 divide 1579733?
False
Is 4545672 a multiple of 42?
False
Is 2681954 a multiple of 8?
False
Is 274 a factor of 539191?
False
Does 50 divide 502500?
True
Is 14449697 a multiple of 289?
False
Is 44 a factor of 46363?
False
Is 18139700 a multiple of 24?
False
Is 42240 a multiple of 32?
True
Is 63 a factor of 931140?
True
Is 19885924 a multiple of 62?
False
Does 22 divide 907676?
True
Does 3 divide 937773?
True
Is 3411918 a multiple of 6?
True
Does 3 divide 27616?
False
Is 107232 a multiple of 4?
True
Is 133 a factor of 173299?
True
Is 16 a factor of 4786563?
False
Is 16090 a multiple of 2?
True
Is 156 a factor of 2163155?
False
Is 11427439 a multiple of 47?
True
Does 92 divide 278170?
False
Is 87 a factor of 486751?
False
Does 9 divide 155253?
False
Is 2 a factor of 764057?
False
Does 11 divide 17732?
True
Is 152149 a multiple of 21?
False
Does 17 divide 5266175?
True
Is 4 a factor of 496192?
True
Is 1541841 a multiple of 278?
False
Does 1122 divide 1470942?
True
Is 293646 a multiple of 218?
True
Is 75 a factor of 75000?
True
Does 141 divide 3659373?
True
Is 772570 a multiple of 10?
True
Does 19 divide 9653?
False
Is 326 a factor of 470744?
True
Is 1134300 a multiple of 114?
True
Is 51 a factor of 7870065?
True
Is 155137 a multiple of 513?
False
Is 124963 a multiple of 16?
False
Is 23692 a multiple of 3?
False
Is 7 a factor of 23646?
True
Is 10 a factor of 7585930?
True
Is 357 a factor of 9840146?
False
Does 45 divide 519930?
True
Is 478 a factor of 406778?
True
Does 10 divide 18980?
True
Does 25 divide 1232089?
False
Does 69 divide 1065614?
False
Is 7 a factor of 1016468?
False
Does 6 divide 442200?
True
Is 17 a factor of 53741?
False
Is 660 a factor of 869220?
True
Does 17 divide 6171?
True
Does 192 divide 301733?
False
Is 8054667 a multiple of 10?
False
Does 10 divide 260570?
True
Does 3 divide 386014?
False
Does 100 divide 39967?
False
Is 69266 a multiple of 5?
False
Is 32238962 a multiple of 23?
True
Is 11 a factor of 83277?
False
Is 56542 a multiple of 5?
False
Is 1126272 a multiple of 48?
True
Does 115 divide 33000?
False
Does 459 divide 502842?
False
Does 348 divide 1415048?
False
Is 65 a factor of 123432?
False
Does 41 divide 89298?
True
Is 1112445 a multiple of 531?
True
Is 220 a factor of 3022580?
True
Is 579 a factor of 1156842?
True
Does 181 divide 442545?
True
Does 91 divide 1513694?
True
Does 85 divide 193361?
False
Is 116541 a multiple of 23?
True
Is 224 a factor of 573217?
False
Does 21 divide 360580?
False
Is 131 a factor of 1791046?
False
Is 489270 a multiple of 47?
True
Is 93 a factor of 2969?
False
Does 454 divide 340500?
True
Does 84 divide 615295?
False
Is 128627 a multiple of 33?
False
Is 249 a factor of 87455?
False
Is 4731985 a multiple of 39?
False
Does 36 divide 2242072?
False
Is 103 a factor of 412927?
True
Does 70 divide 1011720?
False
Is 216132 a multiple of 12?
True
Is 420614 a multiple of 65?
False
Is 920208 a multiple of 12?
True
Does 9 divide 1079743?
False
Does 62 divide 1563330?
True
Is 8 a factor of 216728?
True
Does 358 divide 803710?
True
Does 14 divide 578998?
True
Does 114 divide 34200?
True
Is 116 a factor of 451008?
True
Is 1907455 a multiple of 84?
False
Does 37 divide 3708358?
False
Does 45 divide 85856?
False
Does 64 divide 2060032?
True
Does 8 divide 458864?
True
Is 34 a factor of 976544?
False
Is 394 a factor of 108744?
True
Is 47 a factor of 1437809?
False
Does 6 divide 46518?
True
Does 1045 divide 19182156?
False
Is 2 a factor of 51767?
False
Does 8 divide 85264?
True
Does 73 divide 994479?
True
Is 125 a factor of 327308?
False
Does 44 divide 106285?
False
Is 194 a factor of 207192?
True
Does 31 divide 967541?
True
Does 4 divide 1745156?
True
Is 104286 a multiple of 13?
True
Does 125 divide 236273?
False
Does 29 divide 490883?
True
Does 14 divide 1220086?
True
Is 6264 a multiple of 6?
True
Is 17012769 a multiple of 46?
False
Is 327 a factor of 35879?
False
Does 86 divide 136396?
True
Is 175 a factor of 434269?
False
Does 31 divide 48460?
False
Does 39 divide 95823?
True
Does 73 divide 89461?
False
Is 431795 a multiple of 13?
True
Is 265203 a multiple of 18?
False
Does 89 divide 597724?
True
Is 371690 a multiple of 110?
True
Is 142 a factor of 132344?
True
Does 105 divide 5165895?
True
Is 531150 a multiple of 25?
True
Is 2521376 a multiple of 684?
False
Is 514140 a multiple of 20?
True
Is 3122960 a multiple of 7?
False
Is 20 a factor of 73612?
False
Is 5 a factor of 2180763?
False
Is 17 a factor of 1176570?
True
Is 1554140 a multiple of 10?
True
Does 1027 divide 8630908?
True
Is 6668130 a multiple of 791?
True
Does 76 divide 458964?
True
Does 222 divide 239045?
False
Is 15 a factor of 374820?
True
Is 962397 a multiple of 29?
False
Is 10286326 a multiple of 659?
False
Is 4 a factor of 7420?
True
Is 470 a factor of 1016652?
False
Is 299461 a multiple of 456?
False
Is 408583 a multiple of 29?
False
Is 156 a factor of 4701712?
False
Is 158803 a multiple of 4?
False
Is 28 a factor of 4123838?
False
Is 456366 a multiple of 23?
True
Does 343 divide 598192?
True
Does 16 divide 4290683?
False
Is 140 a factor of 113400?
True
Does 20 divide 387700?
True
Is 59517 a multiple of 9?
True
Does 2 divide 169144?
True
Is 670 a factor of 18133550?
True
Is 73451 a multiple of 33?
False
Is 7 a factor of 3296720?
True
Does 32 divide 11407296?
True
Is 28 a factor of 226816?
False
Does 11 divide 271882?
False
Is 5953524 even?
True
Does 17 